-10 - (-5 + 1) - -25) + -11 - 28.
-20
What is (1 - (0 + 10)) + -1354 + 1380?
17
Calculate 18 + (7 + -35 - 4).
-14
Calculate -9 - (-16 - (-21 + 17)) - 11.
-8
Evaluate 1 + 30 + -29 + -16.
-14
What is (-2 - (5 + 15 + -40)) + 5 + 2?
25
-3 + (-2 - -6 - 6) + 4
-1
Calculate 8 + (19 + -13 - 16).
-2
Calculate 7 + -25 + 10 + 2 + -4 + 9.
-1
Evaluate -3 + 13 - (5 + -17 + 3 + 10).
9
What is the value of -17 + (-9 - -5) + 8?
-13
Calculate -13 + (-11 - (7 + -13 + -3)).
-15
Evaluate -2 - (-14 + 20 - -6) - (-7 + -1).
-6
What is (-60 - -61) + 2 + 3?
6
Calculate 2 - (-3 - (0 + 1) - -4) - 7.
-5
What is 12 + -17 - -18 - (4 - (7 + -4))?
12
Evaluate -8 + (12 - -6) + (-12 - (-1 + -2)).
1
22 - (3 - 12 - -18)
13
Evaluate -20 - (-26 - (-27 + 13)).
-8
-14 + 21 + (-8 - (1 + -8))
6
Calculate 13 - (-8 + 8) - 8.
5
Evaluate 30 + -33 + (13 - 1).
9
What is 19 + -40 - -29 - (1 + 1 + 0)?
6
Calculate -19 - (1 - (-1 - (-4 - -10 - 14))).
-13
-18 - (60 - 41) - -24
-13
What is the value of -14 + (1 + -2 - (-4 + -8 + 6))?
-9
What is the value of 7 + 13 + -13 - 7?
0
Evaluate 2 + (-7 - -4 - 11).
-12
(-312 - -299) + -1 + 9 + -2 + -2
-9
Calculate (64 - 31) + -53 - ((0 - 1) + -1).
-18
What is the value of (18 - 32) + 21 - (-3 + (3 - -3))?
4
What is 5 + -3 - (-17 - ((10 - 14) + 16))?
31
Calculate -10 + 4 - 2 - -8 - 2.
-2
What is the value of (-20 - -5) + 3 + 21?
9
8 - (0 + -6 - (-43 + 33))
4
What is -7 + 37 + -10 + 2 + -10?
12
-54 + 41 - (-14 - 0)
1
What is the value of -2 + -16 + 1 + 5 + 16 + -22?
-18
What is 21 + (-27 + 16 - -6)?
16
Evaluate 20 - ((-6 - -13) + 17).
-4
Calculate -9 + 5 + -4 + 5 + 2.
-1
What is 1 - 0 - ((102 - 102) + 12 + 7)?
-18
Evaluate (0 - -17 - -5) + (-7 - 0).
15
What is the value of (-7 + 0 + 120 + -118 - 0) + 8?
3
What is 48 + -42 - (5 + -13)?
14
Calculate -6 - 6 - -6 - (4 - 1).
-9
What is (4 - 3) + 6 + -3 + 1?
5
What is the value of 77 - 90 - (-13 - 1)?
1
5 - (26 + 8 + -27)
-2
Calculate -21 - -7 - (-9 - -2).
-7
9 - (1 + 3) - (-1 - (-5 + 1))
2
What is the value of -1 + -11 - (-33 - (-9 + -18))?
-6
What is (-3 - 8 - (-4 - 1)) + 7?
1
Calculate -8 + -2 + (-17 - -20) + -7.
-14
Evaluate 1 - 2 - (-95 + 83).
11
(0 + (-1 - 5) - -4) + 20 + -3
15
10 + 115 + -125 + 2 + 0 + 14
16
Evaluate (602 - 615) + 7 + 1.
-5
What is the value of 13 - ((-287 - -300) + (-28 - -1))?
27
Evaluate 6 + (-5 - -13) + -14 - -12.
12
Calculate -19 + -1 + 14 + (-6 - -6).
-6
What is 49 + -51 - (1 + -2 + 4) - 9?
-14
(-2 + 4 - -6) + 9 - (4 + -1)
14
What is the value of -15 + 7 + (8 - (5 - -4))?
-9
What is the value of -1 + (-3 - -1) + -19 + (9 - -1)?
-12
Evaluate -14 - (4 - 4 - (-5 - -3)).
-16
-10 - (20 + -18) - (-2 - -1)
-11
What is the value of 349 - 336 - (47 + 1) - -6?
-29
What is the value of -17 + (12 - (-1 - 3))?
-1
What is -72 - (-5 - 19) - -28?
-20
What is the value of -53 + 36 - (4 + -19)?
-2
Calculate -9 + (38 + -18 - 5) - (-1 - 0).
7
What is the value of (4 - (6 + -7 + 0 - -1)) + 11?
15
Evaluate 18 + 15 + 7 + -10 + -6.
24
What is (32 - -3) + -15 + (-12 - -17 - -9)?
34
Evaluate -2 - (-2 + (2 - 3)) - (-19 + 14).
6
Evaluate -4 + (2 - 5) + 14 + -2 + 24.
29
21 + -10 + (1 - 2 - 0)
10
What is the value of -1 + 0 + -14 + (-11 - -21)?
-5
What is -4 + 6 - (-2 + 15)?
-11
Evaluate -1052 + 1045 - (2 - (-1 + 26)).
16
What is the value of -1 - (28 + -10 + -8)?
-11
What is the value of -19 + 11 - (8 + -6 + -5)?
-5
What is the value of -5 + 0 + (-16 + 7 - -1)?
-13
What is 1 + (-7 - -3) + (5 - 3)?
-1
Calculate 0 - -2 - (0 - (-1 + 1)).
2
What is the value of 2 + 2 + -8 + (-3 - (3 - 7))?
-3
What is 34 - (111 - 6 - 44)?
-27
What is -8 - 0 - (-8 + 6 + 10 + -7)?
-9
Evaluate 1 - (1 + 15) - (-1811 + 1810).
-14
What is the value of 2 + (-7 - (0 - 0 - 0))?
-5
What is the value of 0 - (-24 - (-12 + 6))?
18
Calculate 49 + -47 + (-11 - -1).
-8
-9 - (-9 + -14 - -12)
2
What is -50 + (96 - 41) + (1 - -1 - 20)?
-13
-11 + (-4 + -19 - -31)
-3
What is (-5 - (0 - 11)) + (40 - 58)?
-12
4 + (-2 - (14 + -6 - 0 - -6))
-12
Calculate -83 + 95 - (20 - 2).
-6
Calculate 1 + (109 + -99 - (1 + 8)) + -1.
1
What is the value of 15 + (-49 - (4 + -30))?
-8
What is the value of (-1 + 15 - -2) + (38 - 42) + 9?
21
(178 - 186) + 16 + -1
7
Evaluate 1 + 4 - (48 + -22 + -19).
-2
What is the value of 13 - 60 - (-2 + -23)?
-22
Evaluate -13 + 18 + -30 + 13 + (-10 - -1).
-21
What is -2 - ((7 - 4) + -20 - -5 - 2)?
12
Calculate 0 + 10 + (17 - 18) + 15 + -31.
-7
Calculate -4 + (-12 - -17 - -5).
6
What is -1005 + 1025 + -2 + -5?
13
-2 + -3 + (-71 - -55)
-21
What is the value of 3 + (-7 - (-4 + -2) - (4 - 0))?
-2
Calculate -8 - (-23 - -11) - (3 - (-1 + -3)).
-3
Evaluate -15695 + 15682 + -2 + 1 + (2 - 1).
-13
Evaluate -3 - (4 + 0) - (-18 - (-6 + 17)).
22
Calculate -9 + 1 + 1 + 42 + -30 - 2.
3
What is the value of 2 + (-6 - (-6 - -2)) + 9?
9
7 + -11 + -6 - -7 - 8
-11
What is (5 - ((7 - 1) + 2)) + -5?
-8
What is the value of -20 - (-8 + 2) - (12 - 11)?
-15
Calculate 9 + (-5 - -1) + (3 - 7) + 0.
1
Calculate -1 - (10 + -3 - 21).
13
7 + (11 - 0) + (2 - -14) + -20
14
Calculate 11 - (1 + 4 + -4 + 0).
10
(12 - (-8 - -12)) + (-18 - (8 - 0))
-18
128 + -139 + (-3 + -20 - 2) - -10
-26
Evaluate (-9 - -2 - (-21 + 14)) + 8.
8
Calculate -10 + (-5 - (11 + -15) - 6).
-17
Evaluate 51 - 84 - -27 - (-2 + 15).
-19
What is the value of 30 - (-10 + 23 - -19)?
-2
What is -3 - 4 - (-21 + -2 - -16)?
0
Evaluate -15 - (5 + -3) - (-1 - 2).
-14
26 + -25 + 0 + 17 + -1
17
Calculate 11 + (5 - 0) + -7 - (-60 - -54).
15
What is the value of 370 + -386 + (0 + 0 - -4 - 0)?
-12
Evaluate (1 - 1) + (-17 + 0 - (-271 - -253)).
1
Calculate 2 - 10 - -1 - (-19 + 43 + -32).
1
6 + -3 + 0 - (6 + -3 + -1)
1
What is the value of -6 + (-9 - (1 + (-9 + 1 - -4)))?
-12
What is (17 - (10 - 3)) + (5 - 0)?
15
-8 + (3 + 1 - -1) - (-12 + -1)
10
What is -7 + 0 + (45 - 34)?
4
Calculate 6 + (-2 - (2 + 3 + 7)).
-8
What is the value of (4 - 1) + (1308 - 1288)?
23
(-11 - 3 - -5) + 13
4
Calculate (0 - (12 + -11)) + -1.
-2
Evaluate -44 - -66 - (11 + 1).
10
What is the value of 10 - (14 - 10 - -19)?
-13
Evaluate 2 + (10 - 1) + 0 + -18.
-7
What is the value of -11 - (27 - 44) - 9?
-3
Evaluate 63 + -82 - (-5 + 0) - (19 + -9).
-24
Evaluate -8 - (-4 - -5 - 0 - (-5 + 10)).
-4
What is -8 - (-29 - (-6 + -11))?
4
13 - (-23 + 21) - 27
-12
Evaluate 15 + -9 + -7 + -1.
-2
Calculate (3 - -14) + -18 - (2 + (-5 - -1)).
1
What is the value of 3 - ((1 - (-13 + 1)) + -22)?
12
Evaluate -15 + (21 - 18) - -2.
-10
Calculate 3 - ((2 - -5) + (13 - 28) - 0).
11
What is (12 + -42 - -8) + (1 + 1 - 8)?
-28
Evaluate (-2 - (-14 + 10)) + 14 + -9.
7
What is the value of 3 + -14 + 7 + 15 + 11?
22
-13 - ((-4 - 0 - (-14 + 5)) + -2)
-16
What is the value of 7 - 0 - (-2 - (-6 + -7 - 1))?
-5
(-4 - 15) + (-16 - (-1 + 10 + -25))
-19
Calculate -44 - -15 - (-12 - 14) - (-1 - 25).
23
What is the value of -3 - 1 - (10 - (-6 - -22))?
2
Calculate 13 + -2 + -12 - -7.
6
Calculate -56 - -63 - (-5 - -3).
9
What is the value of 1 + -3 + (4 - (21 + -12))?
-7
Evaluate (-18 - 8) + 18 + 17.
9
Calculate (-2 + 3 - -16) + -25 + (0 - 23).
-31
Calculate 2 - (-2 - 0 - (4 - -5 - 29)).
-16
What is -6 + 16 + (-2 - 3) - -1?
6
What is the value of -1 + 2 - (-124 + 118)?
7
Evaluate (-7 - -1) + (32 - 15) + -8 + -11.
-8
10 - ((-7 - 3) + 25 - 27)
22
Evaluate (-8 - -53 - 22) + -56.
-33
16 + 0 + 194 + -210
0
(9 - -7) + -3 - 21 - (-6 + 3)
-5
Calculate -19 + -18 + 47 - (35 + -2).
-23
Calculate 35 + (11 - 14 - 13 - -4).
23
26 - (5 - (1 + 2))
24
Calculate 7 + -6 - (-1 + 11 + 7).
-16
What is the value of 6 + -19 + 13 + 3?
3
Calculate 1 + (29 - 20) - 1.
9
-30 + (9 - -10) + -4
-15
What is the value of -7 - (9 + 22) - (-10 - -17 - 11)?
-34
What is (3 - 0 - -3) + (-1 - 1 - -4)?
8
Calculate (27 - 93 - -16) + 23.
-27
Calculate 9 + (-18 - 6) + 7 + -1.
-9
What is the value of ((-4 - 3) + 2 - (-5 + 16)) + -6?
-22
0 + 4 + (-5 - (9 - (7 - -3)))
0
Calculate 6 + (-30 - (-34 - 16)).
26
What is the value of (24 - 14) + -16 + (-2 - -1)?
-7
Evaluate 4 + (0 - -2) + (-2 - 6).
-2
20 - 0 - ((2 - 3) + 9)
12
Evaluate -14 - (-6 - (-11 + 17)).
-2
3 + 3 + 60 + -62
4
Calculate (11 - 18) + (-3 - -1) + (20 - 2).
9
Calculate 108 + -125 + (31 - 1).
13
Evaluate -13 - (-8 - (16 - 1)).
10
What is the value of (-1 - 3) + 7 + (12 - 11) + -4?
0
Calculate -11 + 1 + 24 - (-2 - -3 - -4).
9
What is the value of -5 - ((-4 - -7 - -2) + -9 + 7)?
